ird derivative of -i**6/120 - 4*i**5/15 + 3*i**4/4 + 13*i**3/6 + 109*i**2. Determine d(-17).
-4
Let b be (2 - 2)*5/10. Suppose -2*x - 3*r + 2*r - 13 = b, -5*r - 29 = 4*x. Let u = -11 - x. Let g(j) = j + 4. Give g(u).
-1
Let q(w) = -w**2 - 9*w - 6. Let g = -42 - -36. Let n be g/9 + (-32)/6. Give q(n).
12
Let n = 102 - 98. Let a(r) = -r**2 + 6*r - 8. Give a(n).
0
Let l = -10 + 25. Let n(q) = 4*q + l*q**2 - 5*q**2 - 11*q**2 + 1. Give n(4).
1
Let u(k) = -57*k**2 - 11 + 7 + k + 22*k**2 + k**3 + 26*k**2. What is u(9)?
5
Let z(m) = -m - 2. Let o(i) = -i - 1. Let x(h) = 4*h + 4. Let a(j) = -3*o(j) - x(j). Let s(c) = a(c) + z(c). Give s(-4).
5
Suppose 2*d + 10 = -0*d, 5*j - 10 = d. Let x(h) = -5*h**3. Determine x(j).
-5
Let u(j) = j**3 + 8*j**2 + 6*j - 6. Let t(f) = -15*f + 53. Let o be t(4). Calculate u(o).
1
Let i(r) = 8*r. Suppose -7*t = -4*x - 2*t - 276, t + 69 = -x. Let o = -71 - x. Calculate i(o).
-16
Let l(c) be the third derivative of 18*c**2 + 1/4*c**4 + 0*c + 0 - 1/60*c**5 - 2/3*c**3. What is l(6)?
-4
Let f be 15*(2/(-3) + 0). Let u(l) = l**3 + 9*l**2 - 10*l - 5. Let s be u(f). Let i(n) = n**3 + 5*n**2 + n - 6. What is i(s)?
-11
Let q(f) = f**2. Let b(v) = -9*v**2 + 3. Let d(r) = r**2 + r + 1. Let x(k) = b(k) - 2*d(k). Let z(h) = 2*q(h) - x(h). Let l = -56 - -57. Determine z(l).
14
Let d(c) = -6*c**2 + c - 25. Let w(b) = -b**2 - 5. Suppose 0 = -2*o - 0*o + 4. Let s(t) = o*d(t) - 11*w(t). Determine s(5).
-10
Suppose -24 = 4*n - 4*b, -5*n + 9*n = -2*b - 30. Let v(f) = f**3 + 8*f**2 + 9*f - 4. Determine v(n).
-18
Let a(s) = 6*s**3 + 3*s**2 + 2*s + 9. Let h(u) = 7*u**3 + 3*u**2 + 3*u + 10. Let y(j) = 6*a(j) - 5*h(j). Calculate y(-4).
0
Let u(t) = -623*t + 6*t**2 + t**3 + 601*t + 17*t**2 + 48. Give u(-24).
0
Let b(z) = -1 - 9 - 136*z**2 + 10*z + 275*z**2 - 140*z**2. Calculate b(7).
11
Let t(f) = 9*f**2 + 4*f - 6. Let y(l) = -2*l**2 + l + 1. Let h(w) = -t(w) - 5*y(w). Determine h(7).
-13
Let x be -17*(-4 - (-2 - 1)). Let s(t) = -11 + 7*t + t**2 + 36 - x. Let v be s(-5). Let w(m) = -m**3 - m**2 - 2*m - 1. What is w(v)?
7
Let o(g) = 2*g - 6. Suppose -1536 = 18*l - 6*l. Let n(y) = -y**2 + 1. Let r be n(-5). Let s be l/r + (-4)/(-6). What is o(s)?
6
Let r(d) be the first derivative of -14 + 1/2*d**2 - 5*d. What is r(4)?
-1
Suppose 54*z - 58*z + 40 = 0. Let c be 1 - (228/(-60) - 2/z). Let d(a) = 2*a - 2. Give d(c).
8
Let t(w) = -4*w**3 + w. Let o(q) = q**2 - 8*q + 8. Let p be o(7). Let d be 27/(-6)*(p - -1). Let b = d - -10. What is t(b)?
-3
Let g(u) be the first derivative of -u**5/120 - u**4/12 - 32*u**3/3 - 12. Let s(c) be the third derivative of g(c). Give s(-5).
3
Let m(n) be the first derivative of n**4/4 + 4*n**3/3 + n**2/2 - 2*n - 2. Let k(h) = h**3 - 7*h**2 + 6*h + 3. Let z be k(6). Let a = -6 + z. Determine m(a).
4
Let l(j) = -6*j - 3*j**2 - 3*j - 8 + 0*j**2. Let r(v) = 4*v**2 + 10*v + 8. Suppose -3 = 10*m + 37. Let g(u) = m*r(u) - 5*l(u). Determine g(7).
-6
Let x be 5/3 + (-80)/(-15) + -4. Let o(n) be the second derivative of 6*n - 1/6*n**x + 1/12*n**4 + 0 - 1/2*n**2. What is o(4)?
11
Let x(s) = 2*s + 2. Suppose 5*a - 6*f = -2*f - 8, -5*f = -10. Suppose -4*g + 2*k + k + 15 = a, 4*g = 5*k + 17. What is x(g)?
8
Suppose -3*o + 3*u - 18 = 0, -u + 16 = 4*o + 15. Let s(d) = -2*d - 5. Let t(v) = 6*v + 14. Let p(m) = 17*s(m) + 6*t(m). What is p(o)?
-3
Let c(j) be the second derivative of 7/2*j**2 - 2*j + 0 + 1/6*j**3. Let u be (-125)/(-50)*(2 + 54/(-15)). What is c(u)?
3
Suppose -7556*f + 16 = -7564*f. Let l(b) = -21*b. Determine l(f).
42
Let w(c) = c - 2. Let b(r) = 4*r**2 + 2*r + 4. Let v(t) = b(t) + 3*w(t). Calculate v(-4).
42
Let b be (-6)/(-21) + (-4)/((-84)/(-111)). Let s(h) = -16*h + 8. Let u(l) = 5*l - 3. Let p(o) = -3*s(o) - 10*u(o). Give p(b).
16
Let s = 117 + -148. Let u be -3 - (1 + 0) - 217/s. Let a(i) = -i**3 + 5*i**2 - 3*i - 4. Calculate a(u).
5
Let l(x) = x**2 - 4. Let j be (-2)/(-4) + 14/4. Suppose -f = -3*p - 15, p + j = 2*f - 1. Calculate l(f).
-4
Let x(t) be the third derivative of t**5/10 + t**4/12 + t**2 + 3*t. Give x(-2).
20
Let r(q) = 2*q**3 + 2*q + 1. Let v(t) = -t**3 - t. Let o(a) = -3*r(a) - 5*v(a). Suppose -4*n + 4*l - 49 = -1, 5*l + 44 = -3*n. Let i = 13 + n. Give o(i).
-3
Suppose 0 = 27*f - 31*f + 12. Let y(a) = -a**2 + 3*a + 2. Let t be y(f). Let v(o) = -o**2 - o. Calculate v(t).
-6
Suppose 50 = 5*c - 130. Let h = c + -38. Let b(x) = x**3 + 3*x**2 - 2. Determine b(h).
2
Let j(n) = n**2 - 6*n - 4. Let i be -6 - -2 - 16/1. Let v = i + 26. Let a be j(v). Let l(y) = -y**3 - 4*y**2 - 3*y - 6. Give l(a).
6
Suppose -4*n = -n - 24. Let s be 105/(-70)*(-7)/((-14)/(-12)). Let p(t) = -t + s + 0*t - n. Determine p(3).
-2
Suppose 22*z = 18*z + 20. Let d be 1/4 - 152/(-32). Let a(i) = 0*i + 2*i**2 + 1 + d*i - 3*i**2 - i. Give a(z).
-4
Suppose -s - 58 = -53. Let r(y) = -y**3 - 4*y**2 + 8*y + 3. Determine r(s).
-12
Suppose -153*w - 77 = -146*w. Let a(o) = -o**2 - 10*o - 16. Give a(w).
-27
Let x be (-1)/(-3) + 32/12 + 0. Let a(o) = -10*o**3 + 9*o**3 - 3 + 1 - x*o**2. Calculate a(-3).
-2
Let s(d) = -3*d - 34. Let o(m) = -10*m - 109. Let w(f) = 2*o(f) - 7*s(f). What is w(-5)?
15
Let d(m) = 2*m**2 + 3 - 2*m**2 + m**3 - 2*m**2 - 4*m + 6*m**2. Give d(-5).
-2
Let y(g) = -g + 7. Let k be y(0). Let j(w) be the first derivative of 3*w - 1/2*w**2 + 24. Calculate j(k).
-4
Let d = -2113 + 2118. Let g(m) = -3*m + 13. What is g(d)?
-2
Let n(u) = 11*u + 0*u - 13 - 9*u - u. Let y be n(15). Let a(c) = 3*c. Determine a(y).
6
Let a(z) = 13*z - 20. Let d be a(1). Let w(h) = -6*h - 11. Let c(v) = 17*v + 32. Let o(n) = 4*c(n) + 11*w(n). Give o(d).
-7
Let y(q) = 6 - 9*q + 10*q + 1 - 8. Calculate y(-5).
-6
Let j(z) be the second derivative of -11*z**6/720 - z**5/120 - 4*z**4/3 - 22*z. Let b(m) be the third derivative of j(m). Calculate b(-1).
10
Let w(s) = 7*s - 21. Suppose -6*g + 2*g + 12 = 0. Let h be w(g). Let k(j) = -j**2 - j + 11. Determine k(h).
11
Suppose 3*v - 7 = 11. Suppose v*n = 2*n - 4. Let d(k) be the second derivative of -k**3/3 - 2*k - 5. Calculate d(n).
2
Let z = 9 + -6. Let v(r) = -1 + 1 - r**2 - 2*r**3 + r**z. Let f = -1 - 0. What is v(f)?
0
Let p(o) = -3*o**2 - 3*o - 1. Suppose 7*u - 4*u - 162 = 0. Suppose 6 = -u*f + 51*f. Calculate p(f).
-7
Let t(r) = -r**3 + 14*r**2 - 23*r - 5. Let l(o) = o**3 + 3*o**2 - 2*o + 6. Let a be l(-3). Determine t(a).
7
Let i(j) = -j**2 - j. Let o(s) = -7*s**2 - 15*s - 3. Let m(w) = 6*i(w) - o(w). Determine m(-10).
13
Let a(y) = -11*y**2 + y - 8. Let g(v) = -20*v**2 - 13. Let b(c) = -11*a(c) + 6*g(c). Calculate b(11).
10
Let u(b) = -b - 1. Let s(a) be the first derivative of -a - 15. Let q(w) = 6*s(w) + u(w). Determine q(-4).
-3
Let o be (-6)/15 - 68/(-20). Let y(m) = -m + 11. Let u(b) = b - 12. Let l(a) = o*y(a) + 2*u(a). Let j be l(12). Let i(k) = k**3 + 2*k**2 - 2*k + 3. Give i(j).
0
Suppose a + 0 = 6. Let f(i) = 3*i**2 + 8*i - 6. Let o(t) = 4*t**2 + 8*t - 6. Let q(h) = -5*f(h) + 4*o(h). What is q(a)?
-6
Let l(w) = 12*w**2 + 26*w + 67. Let m(d) = -7*d**2 - 13*d - 33. Let a(v) = -3*l(v) - 5*m(v). Determine a(-10).
-6
Let z(a) be the third derivative of a**4/2 - a**3 - a**2 + 130*a. Determine z(2).
18
Let l(v) = -4*v + 48. Let z be l(6). Let d(i) = i + z + 25 - 51. Calculate d(6).
4
Let b be (-20)/15*(-3)/(-2). Let t(k) = k**3 + k**2 - k. Let d(w) = -w**3 + 4*w + 3*w - 4 - 5*w - 2*w**3 - 3*w**2. Let i(c) = b*t(c) - d(c). Calculate i(0).
4
Suppose 2*l + 3*l - 60 = 0. Suppose a + 12 = 2*y, 0*a - a = 4*y - l. Let r(k) = -k**3 + 4*k**2 + 4*k + 3. Calculate r(y).
19
Let l(f) = -7*f**2 + 13*f - 5. Let t(h) = h**2 + h + 1. Let o(q) = -l(q) - 6*t(q). Let b be o(19). Let x(r) = 14*r**3 + 2*r**2 + 2*r + 1. Calculate x(b).
-13
Let z(o) = o**2 + 2*o - 2. Let d(y) = -y**2 - 2*y + 2. Suppose 0 = -5*f - 3*r - 29, -3*r + 17 = -5*f - 2*r. Let s(j) = f*d(j) - 5*z(j). Determine s(-2).
2
Let b(k) = 2 + 3 - k - 10*k**2 - 6 + 0. Let w be -1 - (2 + 0) - -2. Calculate b(w).
-10
Suppose -4*k - 29 + 61 = 0. Let x(l) = l**2 - 7*l + 6. What is x(k)?
14
Let j(i) = 4*i**3 - 3*i**2 - 3*i + 1. Let g be j(2). Let d(u) = -u + 23*u**2 + 2*u - g*u**2 - 9*u**2 + 6. Determine d(5).
-14
Let p(m) be the first derivative of m**4/4 + 2*m**3/3 + 7*m - 165. Determine p(-3).
-2
Let i(h) = -h**3 + 5*h**2 - h - 3. Let k(z) = 4*z**2 - 6 - 2*z - 3*z**2 + 